{"id":2293,"date":"2025-11-16T19:38:44","date_gmt":"2025-11-16T22:38:44","guid":{"rendered":"https:\/\/semadi.com.br\/ctm\/?page_id=2293"},"modified":"2025-11-16T19:57:22","modified_gmt":"2025-11-16T22:57:22","slug":"sobre-o-curso","status":"publish","type":"page","link":"https:\/\/semadi.com.br\/ctm\/sobre-o-curso\/","title":{"rendered":"Sobre o Curso"},"content":{"rendered":"\t\t<div data-elementor-type=\"wp-page\" data-elementor-id=\"2293\" class=\"elementor elementor-2293\" data-elementor-post-type=\"page\">\n\t\t\t\t<div class=\"elementor-element elementor-element-97f1240 e-flex e-con-boxed e-con e-parent\" data-id=\"97f1240\" data-element_type=\"container\" data-settings=\"{&quot;background_background&quot;:&quot;classic&quot;}\" modulos=\"\">\n\t\t\t\t\t<div class=\"e-con-inner\">\n\t\t\t\t<div class=\"elementor-element elementor-element-3a8b243 elementor-widget elementor-widget-text-editor\" data-id=\"3a8b243\" data-element_type=\"widget\" data-widget_type=\"text-editor.default\">\n\t\t\t\t<div class=\"elementor-widget-container\">\n\t\t\t<style>\/*! elementor - v3.22.0 - 26-06-2024 *\/\n.elementor-widget-text-editor.elementor-drop-cap-view-stacked .elementor-drop-cap{background-color:#69727d;color:#fff}.elementor-widget-text-editor.elementor-drop-cap-view-framed .elementor-drop-cap{color:#69727d;border:3px solid;background-color:transparent}.elementor-widget-text-editor:not(.elementor-drop-cap-view-default) .elementor-drop-cap{margin-top:8px}.elementor-widget-text-editor:not(.elementor-drop-cap-view-default) .elementor-drop-cap-letter{width:1em;height:1em}.elementor-widget-text-editor .elementor-drop-cap{float:left;text-align:center;line-height:1;font-size:50px}.elementor-widget-text-editor .elementor-drop-cap-letter{display:inline-block}<\/style>\t\t\t\t<p>M\u00d3DULOS<\/p>\t\t\t\t\t\t<\/div>\n\t\t\t\t<\/div>\n\t\t\t\t<div class=\"elementor-element elementor-element-34af373 elementor-widget elementor-widget-heading\" data-id=\"34af373\" data-element_type=\"widget\" data-widget_type=\"heading.default\">\n\t\t\t\t<div class=\"elementor-widget-container\">\n\t\t\t<style>\/*! elementor - v3.22.0 - 26-06-2024 *\/\n.elementor-heading-title{padding:0;margin:0;line-height:1}.elementor-widget-heading .elementor-heading-title[class*=elementor-size-]>a{color:inherit;font-size:inherit;line-height:inherit}.elementor-widget-heading .elementor-heading-title.elementor-size-small{font-size:15px}.elementor-widget-heading .elementor-heading-title.elementor-size-medium{font-size:19px}.elementor-widget-heading .elementor-heading-title.elementor-size-large{font-size:29px}.elementor-widget-heading .elementor-heading-title.elementor-size-xl{font-size:39px}.elementor-widget-heading .elementor-heading-title.elementor-size-xxl{font-size:59px}<\/style><h2 class=\"elementor-heading-title elementor-size-default\">Cursos de preparo missiol\u00f3gico<\/h2>\t\t<\/div>\n\t\t\t\t<\/div>\n\t\t\t\t<div class=\"elementor-element elementor-element-cfc8878 elementor-widget elementor-widget-text-editor\" data-id=\"cfc8878\" data-element_type=\"widget\" data-widget_type=\"text-editor.default\">\n\t\t\t\t<div class=\"elementor-widget-container\">\n\t\t\t\t\t\t\t<p>Est\u00e3o abertas as inscri\u00e7\u00f5es para a turma do pr\u00f3ximo ano. Veja as modalidades:<\/p>\t\t\t\t\t\t<\/div>\n\t\t\t\t<\/div>\n\t\t<div class=\"elementor-element elementor-element-e09e9e5 e-con-full e-flex e-con e-child\" data-id=\"e09e9e5\" data-element_type=\"container\" data-settings=\"{&quot;background_background&quot;:&quot;classic&quot;,&quot;motion_fx_motion_fx_scrolling&quot;:&quot;yes&quot;,&quot;motion_fx_translateY_effect&quot;:&quot;yes&quot;,&quot;motion_fx_translateY_speed&quot;:{&quot;unit&quot;:&quot;px&quot;,&quot;size&quot;:8.8,&quot;sizes&quot;:[]},&quot;motion_fx_translateY_affectedRange&quot;:{&quot;unit&quot;:&quot;%&quot;,&quot;size&quot;:&quot;&quot;,&quot;sizes&quot;:{&quot;start&quot;:51,&quot;end&quot;:87}},&quot;motion_fx_devices&quot;:[&quot;desktop&quot;]}\">\n\t\t\t\t<div class=\"elementor-element elementor-element-de13727 elementor-widget elementor-widget-heading\" data-id=\"de13727\" data-element_type=\"widget\" data-widget_type=\"heading.default\">\n\t\t\t\t<div class=\"elementor-widget-container\">\n\t\t\t<h5 class=\"elementor-heading-title elementor-size-default\">M\u00f3dulo I<\/h5>\t\t<\/div>\n\t\t\t\t<\/div>\n\t\t\t\t<div class=\"elementor-element elementor-element-dedb2bc elementor-widget elementor-widget-heading\" data-id=\"dedb2bc\" data-element_type=\"widget\" data-widget_type=\"heading.default\">\n\t\t\t\t<div class=\"elementor-widget-container\">\n\t\t\t<h2 class=\"elementor-heading-title elementor-size-default\">Curso de preparo Missiol\u00f3gico<\/h2>\t\t<\/div>\n\t\t\t\t<\/div>\n\t\t\t\t<div class=\"elementor-element elementor-element-1665a02 elementor-widget elementor-widget-text-editor\" data-id=\"1665a02\" data-element_type=\"widget\" data-widget_type=\"text-editor.default\">\n\t\t\t\t<div class=\"elementor-widget-container\">\n\t\t\t\t\t\t\t<p><strong>Prop\u00f3sito:<\/strong><br \/>1. Capacitar os alunos na rela\u00e7\u00e3o com povos de outras culturas;<br \/>2. Despertar o aluno a Realidade Mission\u00e1ria; <br \/>3. Transmitir aos alunos a perspectiva das necessidades dos povos n\u00e3o alcan\u00e7ados;<br \/>4. Despertar os alunos a serem, com a igreja, um mobilizador;<\/p><p><strong>P\u00fablico alvo:<\/strong><br \/>Pessoas conscientes de sua chamada mission\u00e1ria, que desejam servir a igreja do Senhor, seja local ou em outras culturas.<\/p><p><strong>Investimento:<\/strong> <br \/>Definido com a igreja enviadora<\/p><p><strong>PROCESSO SELETIVO:<\/strong><br \/>1 &#8211; Pr\u00e9-inscri\u00e7\u00e3o no site <br \/>2 &#8211; Triagem (contato) <br \/>3 &#8211; Convoca\u00e7\u00e3o para entrevista<br \/>4 &#8211; Entrevista com pastor setorial\/local\/l\u00edder\/promotor<br \/>5 &#8211; <strong>1\u00aa chamada 04\/11 &#8211; 2\u00aa chamada 06\/12 &#8211;<\/strong> <strong>Encerramento das inscri\u00e7\u00f5es dia 05\/12.<\/strong><br \/>6 &#8211; Matricula e entrega de documentos.<\/p>\t\t\t\t\t\t<\/div>\n\t\t\t\t<\/div>\n\t\t\t\t<div class=\"elementor-element elementor-element-5b34572 elementor-widget elementor-widget-toggle\" data-id=\"5b34572\" data-element_type=\"widget\" data-widget_type=\"toggle.default\">\n\t\t\t\t<div class=\"elementor-widget-container\">\n\t\t\t<style>\/*! elementor - v3.22.0 - 26-06-2024 *\/\n.elementor-toggle{text-align:start}.elementor-toggle .elementor-tab-title{font-weight:700;line-height:1;margin:0;padding:15px;border-bottom:1px solid #d5d8dc;cursor:pointer;outline:none}.elementor-toggle .elementor-tab-title .elementor-toggle-icon{display:inline-block;width:1em}.elementor-toggle .elementor-tab-title .elementor-toggle-icon svg{margin-inline-start:-5px;width:1em;height:1em}.elementor-toggle .elementor-tab-title .elementor-toggle-icon.elementor-toggle-icon-right{float:right;text-align:right}.elementor-toggle .elementor-tab-title .elementor-toggle-icon.elementor-toggle-icon-left{float:left;text-align:left}.elementor-toggle .elementor-tab-title .elementor-toggle-icon .elementor-toggle-icon-closed{display:block}.elementor-toggle .elementor-tab-title .elementor-toggle-icon .elementor-toggle-icon-opened{display:none}.elementor-toggle .elementor-tab-title.elementor-active{border-bottom:none}.elementor-toggle .elementor-tab-title.elementor-active .elementor-toggle-icon-closed{display:none}.elementor-toggle .elementor-tab-title.elementor-active .elementor-toggle-icon-opened{display:block}.elementor-toggle .elementor-tab-content{padding:15px;border-bottom:1px solid #d5d8dc;display:none}@media (max-width:767px){.elementor-toggle .elementor-tab-title{padding:12px}.elementor-toggle .elementor-tab-content{padding:12px 10px}}.e-con-inner>.elementor-widget-toggle,.e-con>.elementor-widget-toggle{width:var(--container-widget-width);--flex-grow:var(--container-widget-flex-grow)}<\/style>\t\t<div class=\"elementor-toggle\">\n\t\t\t\t\t\t\t<div class=\"elementor-toggle-item\">\n\t\t\t\t\t<div id=\"elementor-tab-title-9561\" class=\"elementor-tab-title\" data-tab=\"1\" role=\"button\" aria-controls=\"elementor-tab-content-9561\" aria-expanded=\"false\">\n\t\t\t\t\t\t\t\t\t\t\t\t<span class=\"elementor-toggle-icon elementor-toggle-icon-left\" aria-hidden=\"true\">\n\t\t\t\t\t\t\t\t\t\t\t\t\t\t\t<span class=\"elementor-toggle-icon-closed\"><i class=\"fas fa-caret-right\"><\/i><\/span>\n\t\t\t\t\t\t\t\t<span class=\"elementor-toggle-icon-opened\"><i class=\"elementor-toggle-icon-opened fas fa-caret-up\"><\/i><\/span>\n\t\t\t\t\t\t\t\t\t\t\t\t\t<\/span>\n\t\t\t\t\t\t\t\t\t\t\t\t<a class=\"elementor-toggle-title\" tabindex=\"0\">SISTEMA DO CURSO<\/a>\n\t\t\t\t\t<\/div>\n\n\t\t\t\t\t<div id=\"elementor-tab-content-9561\" class=\"elementor-tab-content elementor-clearfix\" data-tab=\"1\" role=\"region\" aria-labelledby=\"elementor-tab-title-9561\"><p>&#8211; O curso funciona no modelo internato, do m\u00eas de fevereiro \u00e0 junho.<br \/>&#8211; Uma vez matriculado, o aluno passa a viver dentro do campus da escola que compreende 32 mil metros quadrados de \u00e1rea, com espa\u00e7o para pr\u00e1tica de t\u00e9cnicas agr\u00edcolas, cultivo e manejo de animais e futura \u00e1rea de lazer.<br \/>&#8211; O aluno participa das aulas que s\u00e3o ministradas por nossos professores de Segunda \u00e0 S\u00e1bado em per\u00edodo noturno\/diurno de acordo com a programa\u00e7\u00e3o do CTM.<br \/>&#8211; Ao final de cada disciplina o professor aplicar\u00e1 as avalia\u00e7\u00f5es, com o fim de fixar o conhecimento ministrado.\u00a0<\/p><\/div>\n\t\t\t\t<\/div>\n\t\t\t\t\t\t\t\t<\/div>\n\t\t\t\t<\/div>\n\t\t\t\t<\/div>\n\t\t\t\t<div class=\"elementor-element elementor-element-c084b71 elementor-widget elementor-widget-toggle\" data-id=\"c084b71\" data-element_type=\"widget\" data-widget_type=\"toggle.default\">\n\t\t\t\t<div class=\"elementor-widget-container\">\n\t\t\t\t\t<div class=\"elementor-toggle\">\n\t\t\t\t\t\t\t<div class=\"elementor-toggle-item\">\n\t\t\t\t\t<div id=\"elementor-tab-title-2011\" class=\"elementor-tab-title\" data-tab=\"1\" role=\"button\" aria-controls=\"elementor-tab-content-2011\" aria-expanded=\"false\">\n\t\t\t\t\t\t\t\t\t\t\t\t<span class=\"elementor-toggle-icon elementor-toggle-icon-left\" aria-hidden=\"true\">\n\t\t\t\t\t\t\t\t\t\t\t\t\t\t\t<span class=\"elementor-toggle-icon-closed\"><i class=\"fas fa-caret-right\"><\/i><\/span>\n\t\t\t\t\t\t\t\t<span class=\"elementor-toggle-icon-opened\"><i class=\"elementor-toggle-icon-opened fas fa-caret-up\"><\/i><\/span>\n\t\t\t\t\t\t\t\t\t\t\t\t\t<\/span>\n\t\t\t\t\t\t\t\t\t\t\t\t<a class=\"elementor-toggle-title\" tabindex=\"0\">REQUISITOS NECESS\u00c1RIOS<\/a>\n\t\t\t\t\t<\/div>\n\n\t\t\t\t\t<div id=\"elementor-tab-content-2011\" class=\"elementor-tab-content elementor-clearfix\" data-tab=\"1\" role=\"region\" aria-labelledby=\"elementor-tab-title-2011\"><p>O interessado em fazer parte do treinamento precisa atender os seguintes requisitos:<\/p><p>1. Estar em plena comunh\u00e3o com igreja;<br \/>2. Carta de recomenda\u00e7\u00e3o do pastor da igreja local;<br \/>3. Disposi\u00e7\u00e3o para viver o per\u00edodo de treinamento em regime de internato;<br \/>4. Possuir idade m\u00ednima de 18 anos;<br \/>5. Estar quites com o servi\u00e7o militar (para os homens), com a justi\u00e7a eleitoral e atestado de antecedentes criminais;<br \/>6. Responder satisfatoriamente o question\u00e1rio que lhe ser\u00e1 entregue, como teste da sua aptid\u00e3o para o curso desta Escola;<br \/>7. Gozar de perfeita sa\u00fade f\u00edsica e mental;<br \/>8. Vacinado contra febre amarela, e apresentar um atestado m\u00e9dico confirmando que n\u00e3o possui problemas de sa\u00fade.<\/p><\/div>\n\t\t\t\t<\/div>\n\t\t\t\t\t\t\t\t<\/div>\n\t\t\t\t<\/div>\n\t\t\t\t<\/div>\n\t\t\t\t<div class=\"elementor-element elementor-element-8687503 elementor-widget elementor-widget-toggle\" data-id=\"8687503\" data-element_type=\"widget\" data-widget_type=\"toggle.default\">\n\t\t\t\t<div class=\"elementor-widget-container\">\n\t\t\t\t\t<div class=\"elementor-toggle\">\n\t\t\t\t\t\t\t<div class=\"elementor-toggle-item\">\n\t\t\t\t\t<div id=\"elementor-tab-title-1411\" class=\"elementor-tab-title\" data-tab=\"1\" role=\"button\" aria-controls=\"elementor-tab-content-1411\" aria-expanded=\"false\">\n\t\t\t\t\t\t\t\t\t\t\t\t<span class=\"elementor-toggle-icon elementor-toggle-icon-left\" aria-hidden=\"true\">\n\t\t\t\t\t\t\t\t\t\t\t\t\t\t\t<span class=\"elementor-toggle-icon-closed\"><i class=\"fas fa-caret-right\"><\/i><\/span>\n\t\t\t\t\t\t\t\t<span class=\"elementor-toggle-icon-opened\"><i class=\"elementor-toggle-icon-opened fas fa-caret-up\"><\/i><\/span>\n\t\t\t\t\t\t\t\t\t\t\t\t\t<\/span>\n\t\t\t\t\t\t\t\t\t\t\t\t<a class=\"elementor-toggle-title\" tabindex=\"0\">GRADE CURRICULAR<\/a>\n\t\t\t\t\t<\/div>\n\n\t\t\t\t\t<div id=\"elementor-tab-content-1411\" class=\"elementor-tab-content elementor-clearfix\" data-tab=\"1\" role=\"region\" aria-labelledby=\"elementor-tab-title-1411\"><p><strong>Curso de Missiologia I \u2013 EMAD (Escola de Miss\u00f5es das Assembleias de Deus)<\/strong><\/p><p>01 Introdu\u00e7\u00e3o a Miss\u00f5es<br \/>02 Desafios da Evangeliza\u00e7\u00e3o Mundial<br \/>03 Bases B\u00edblicas de Miss\u00f5es<br \/>04 A Igreja Local e Miss\u00f5es<br \/>05 Hist\u00f3ria de Miss\u00f5es<br \/>06 Miss\u00f5es Transculturais<br \/>07 Miss\u00f5es por Faixas Et\u00e1rias<br \/>08 Antropologia Mission\u00e1ria<br \/>09 Povos N\u00e3o Alcan\u00e7ados<br \/>10 Discipulado<\/p><p><strong>Obs.: Em parceria com a EMAD, ao concluir este curso, o aluno receber\u00e1 um certificado reconhecido pela CGADB.<\/strong><\/p><p><strong>Teologia I<\/strong><\/p><p>01 Doutrina de Deus<br \/>02 Doutrina de Cristo<br \/>03 Doutrina do Esp\u00edrito Santo<br \/>04 Doutrina do Homem<br \/>05 Doutrina do Pecado<br \/>06 Doutrina da Salva\u00e7\u00e3o<br \/>07 Doutrina da Igreja<br \/>08 Doutrina das Ultimas coisas<br \/>09 Hist\u00f3ria das Assembleias de Deus (Ipiranga) e da SEMADI<\/p><p><strong>Disciplinas complementares<\/strong><\/p><p>01 Car\u00e1ter do Vocacionado<br \/>02 Administra\u00e7\u00e3o Pessoal<br \/>03 Administra\u00e7\u00e3o Financeira<br \/>04 Mobiliza\u00e7\u00e3o mission\u00e1ria<br \/>05 Metodologia cientifica <br \/>06 Simp\u00f3sios de Miss\u00f5es<br \/>07 Miss\u00f5es Urbanas<br \/>08 Teologia da Miss\u00e3o<br \/>09 Miss\u00f5es e Pentecostalismo<br \/>10 Contextualiza\u00e7\u00e3o do Evangelho<\/p><p><strong>Disciplinas gerais<\/strong><\/p><p>01 Portugu\u00eas Instrumental<br \/>02 Ingl\u00eas\u00a0<br \/>03 Espanhol<br \/>04 Educa\u00e7\u00e3o F\u00edsica<br \/>05 Psicologia Aplicada<br \/>06 Curso b\u00e1sico de el\u00e9trica<br \/>07 Artesanato<br \/>08 T\u00e9cnicas Agr\u00edcolas<br \/>09 Novas Tecnologias e Miss\u00f5es<br \/>10 Evangelismo Infantil<br \/>11 M\u00fasica<\/p><\/div>\n\t\t\t\t<\/div>\n\t\t\t\t\t\t\t\t<\/div>\n\t\t\t\t<\/div>\n\t\t\t\t<\/div>\n\t\t\t\t<div class=\"elementor-element elementor-element-d509352 elementor-mobile-align-center elementor-widget elementor-widget-button\" data-id=\"d509352\" data-element_type=\"widget\" data-widget_type=\"button.default\">\n\t\t\t\t<div class=\"elementor-widget-container\">\n\t\t\t\t\t<div class=\"elementor-button-wrapper\">\n\t\t\t<a class=\"elementor-button elementor-button-link elementor-size-sm\" href=\"https:\/\/semadi.com.br\/ctm\/inscricao-curso-intensivo\/\">\n\t\t\t\t\t\t<span class=\"elementor-button-content-wrapper\">\n\t\t\t\t\t\t\t\t\t<span class=\"elementor-button-text\">INSCRI\u00c7\u00d5ES ABERTAS<\/span>\n\t\t\t\t\t<\/span>\n\t\t\t\t\t<\/a>\n\t\t<\/div>\n\t\t\t\t<\/div>\n\t\t\t\t<\/div>\n\t\t\t\t<\/div>\n\t\t<div class=\"elementor-element elementor-element-d1be1d0 e-con-full e-flex e-con e-child\" data-id=\"d1be1d0\" data-element_type=\"container\" data-settings=\"{&quot;background_background&quot;:&quot;classic&quot;,&quot;motion_fx_motion_fx_scrolling&quot;:&quot;yes&quot;,&quot;motion_fx_translateY_effect&quot;:&quot;yes&quot;,&quot;motion_fx_translateY_direction&quot;:&quot;negative&quot;,&quot;motion_fx_translateY_speed&quot;:{&quot;unit&quot;:&quot;px&quot;,&quot;size&quot;:8.2,&quot;sizes&quot;:[]},&quot;motion_fx_translateY_affectedRange&quot;:{&quot;unit&quot;:&quot;%&quot;,&quot;size&quot;:&quot;&quot;,&quot;sizes&quot;:{&quot;start&quot;:49,&quot;end&quot;:88}},&quot;motion_fx_devices&quot;:[&quot;desktop&quot;]}\">\n\t\t\t\t<div class=\"elementor-element elementor-element-253c1a4 elementor-widget elementor-widget-heading\" data-id=\"253c1a4\" data-element_type=\"widget\" data-widget_type=\"heading.default\">\n\t\t\t\t<div class=\"elementor-widget-container\">\n\t\t\t<h5 class=\"elementor-heading-title elementor-size-default\">M\u00f3dulo II<\/h5>\t\t<\/div>\n\t\t\t\t<\/div>\n\t\t\t\t<div class=\"elementor-element elementor-element-c5ab5c6 elementor-widget elementor-widget-heading\" data-id=\"c5ab5c6\" data-element_type=\"widget\" data-widget_type=\"heading.default\">\n\t\t\t\t<div class=\"elementor-widget-container\">\n\t\t\t<h2 class=\"elementor-heading-title elementor-size-default\">Curso de Forma\u00e7\u00e3o Mission\u00e1ria<\/h2>\t\t<\/div>\n\t\t\t\t<\/div>\n\t\t\t\t<div class=\"elementor-element elementor-element-cc359a5 elementor-widget elementor-widget-text-editor\" data-id=\"cc359a5\" data-element_type=\"widget\" data-widget_type=\"text-editor.default\">\n\t\t\t\t<div class=\"elementor-widget-container\">\n\t\t\t\t\t\t\t<p><strong>Prop\u00f3sito:<\/strong><br \/>Capacitar o candidato no preparo Missiol\u00f3gico, para ingress\u00e3o no campo eclesi\u00e1stico onde a SEMADI atua, em territ\u00f3rio nacional e internacional.<\/p><p><b>Pr\u00e9-requisito:<\/b> Ter conclu\u00eddo o M\u00f3dulo I<\/p><p><b>Obs.: Candidatura ao campo, mediante convite da SEMADI.\u00a0<\/b><\/p><p><b>Dura\u00e7\u00e3o:<\/b> De julho \u00e0 novembro.(modelo de internato)<\/p><p><strong>GRADE CURRICULAR:<\/strong><br \/>01 Antropologia Cultural<br \/>02 Fenomenologia da Religi\u00e3o<br \/>03 Planta\u00e7\u00e3o e Revitaliza\u00e7\u00e3o de Igreja <br \/>04 Simp\u00f3sios de Miss\u00f5es<br \/>05 Miss\u00f5es e P\u00f3s Modernidade<br \/>06 Miss\u00e3o e Inclus\u00e3o Social<br \/>07 O mission\u00e1rio Discipulador<br \/>08 Cosmovis\u00e3o Crist\u00e3<br \/>09 Projeto Mission\u00e1rio<br \/>10 Est\u00e1gio Supervisionado em algum campo eclesi\u00e1stico da SEMADI<\/p>\t\t\t\t\t\t<\/div>\n\t\t\t\t<\/div>\n\t\t\t\t<div class=\"elementor-element elementor-element-97060d3 elementor-mobile-align-center elementor-widget elementor-widget-button\" data-id=\"97060d3\" data-element_type=\"widget\" data-widget_type=\"button.default\">\n\t\t\t\t<div class=\"elementor-widget-container\">\n\t\t\t\t\t<div class=\"elementor-button-wrapper\">\n\t\t\t<a class=\"elementor-button elementor-button-link elementor-size-sm\" href=\"https:\/\/semadi.com.br\/ctm\/inscricao-curso-intensivo\/\">\n\t\t\t\t\t\t<span class=\"elementor-button-content-wrapper\">\n\t\t\t\t\t\t\t\t\t<span class=\"elementor-button-text\">FA\u00c7A A SUA INSCRI\u00c7\u00c3O<\/span>\n\t\t\t\t\t<\/span>\n\t\t\t\t\t<\/a>\n\t\t<\/div>\n\t\t\t\t<\/div>\n\t\t\t\t<\/div>\n\t\t\t\t<\/div>\n\t\t<div class=\"elementor-element elementor-element-158cae9 e-con-full e-flex e-con e-child\" data-id=\"158cae9\" data-element_type=\"container\" data-settings=\"{&quot;background_background&quot;:&quot;classic&quot;,&quot;motion_fx_motion_fx_scrolling&quot;:&quot;yes&quot;,&quot;motion_fx_translateY_effect&quot;:&quot;yes&quot;,&quot;motion_fx_translateY_direction&quot;:&quot;negative&quot;,&quot;motion_fx_translateY_speed&quot;:{&quot;unit&quot;:&quot;px&quot;,&quot;size&quot;:7.5,&quot;sizes&quot;:[]},&quot;motion_fx_translateY_affectedRange&quot;:{&quot;unit&quot;:&quot;%&quot;,&quot;size&quot;:&quot;&quot;,&quot;sizes&quot;:{&quot;start&quot;:49,&quot;end&quot;:76}},&quot;motion_fx_devices&quot;:[&quot;desktop&quot;]}\">\n\t\t\t\t<div class=\"elementor-element elementor-element-cf60149 elementor-widget elementor-widget-heading\" data-id=\"cf60149\" data-element_type=\"widget\" data-widget_type=\"heading.default\">\n\t\t\t\t<div class=\"elementor-widget-container\">\n\t\t\t<h5 class=\"elementor-heading-title elementor-size-default\">Curso Intensivo de<\/h5>\t\t<\/div>\n\t\t\t\t<\/div>\n\t\t\t\t<div class=\"elementor-element elementor-element-4e9ea72 elementor-widget elementor-widget-heading\" data-id=\"4e9ea72\" data-element_type=\"widget\" data-widget_type=\"heading.default\">\n\t\t\t\t<div class=\"elementor-widget-container\">\n\t\t\t<h2 class=\"elementor-heading-title elementor-size-default\">Capacita\u00e7\u00e3o Missiol\u00f3gica<\/h2>\t\t<\/div>\n\t\t\t\t<\/div>\n\t\t\t\t<div class=\"elementor-element elementor-element-a95c365 elementor-widget elementor-widget-text-editor\" data-id=\"a95c365\" data-element_type=\"widget\" data-widget_type=\"text-editor.default\">\n\t\t\t\t<div class=\"elementor-widget-container\">\n\t\t\t\t\t\t\t<p><strong>Publico alvo:<\/strong><br \/>Todos que desejarem adquirir conhecimentos substanciais na atua\u00e7\u00e3o mission\u00e1ria da igreja local.<\/p><p><strong>Encontros mensais aos s\u00e1bados NA BASE MISSION\u00c1RIA DA SEMADI:<\/strong><\/p><p><strong>Miss\u00f5es e Pentecostalismo<\/strong>\u00a0&#8211; Pastor Setorial Rog\u00e9rio Chagas \u2013 Pirassununga<\/p><p>Aula Presencial: 02 de mar\u00e7o<\/p><p>Aula online: 11\/03 e 25\/03<\/p><p><strong>Aula b\u00f4nus &#8211; A igreja local e Miss\u00f5es (Modelo de Antioquia)<\/strong>\u00a0&#8211; Pastor Andr\u00e9 Amaral \u2013 Secret\u00e1rio Exec. De Miss\u00f5es SEMADI<\/p><p>Aula online: 10\/04 das 19h30 \u00e0s 21h<\/p><p><strong>Teologia da Miss\u00e3o<\/strong>\u00a0&#8211; Coop. Leonardo Ferreira \u2013 Setor Jd. S\u00e3o Lu\u00eds<\/p><p>Aula Presencial: 20 de abril<\/p><p>Aula online: 29\/04 e 06\/05<\/p><p><strong>Miss\u00f5es Urbanas<\/strong>\u00a0Ev. Anderson Antunes \u2013 Setor Alvorada<\/p><p>Aula Presencial: 18 de maio<\/p><p>Aula online: \u00a027\/05 e 10\/06<\/p><p><strong>Contextualiza\u00e7\u00e3o do Evangelho<\/strong>\u00a0\u2013 Ev. Silvio Silva \u2013 Jd. Brasilina<\/p><p>Aula Presencial: 15 de julho<\/p><p>Aula online: 24\/06 e 01\/07<\/p><p><strong>Aula din\u00e2mica e Formatura<\/strong> \u2013 6 de julho (das 8h00 as 12h; das 12h as 14h; das 14h \u00e0s 15h) formatura com coffee break)<\/p><p>Investimento:\u00a0<strong>R$200,00 \u00e0 vista ou 4x de R$50,00 (Alimenta\u00e7\u00e3o + Certificado) \u2013 CONDI\u00c7\u00c3O ESPECIAL PARA ITATIBA \u2013 4X NO CARN\u00ca <\/strong><\/p><p><strong><em>Encontros presenciais:<\/em><\/strong><\/p><p><strong>Local:\u00a0<\/strong>Audit\u00f3rio Eritr\u00e9ia nas depend\u00eancias da SEMADI.<br \/><strong>Hor\u00e1rio:\u00a0<\/strong>Das 8h00 \u00e0s 16h00 (Com caf\u00e9 da manh\u00e3 e almo\u00e7o)<\/p><p><strong><em>Encontros Online:<\/em><\/strong><\/p><p><strong>Plataforma:\u00a0<\/strong>www.semadi.com.br\/ead (por onde ser\u00e1 disponibilizado o acesso dos conte\u00fados, avalia\u00e7\u00f5es e via Zoom para as aulas remotas)<br \/><strong>Hor\u00e1rio:\u00a0<\/strong>Pr\u00e9-agendado das 19h30 as 21h00<\/p><p><em>*Ser\u00e3o aplicadas<strong>\u00a05\u00a0aulas presenciais\u00a0<\/strong>no Audit\u00f3rio Eritr\u00e9ia nas depend\u00eancias da SEMADI, sendo 30 horas e\u00a0<strong>9 aulas online<\/strong>, com carga hor\u00e1ria de 18 horas de aula via Zoom.\u00a0<\/em><\/p>\t\t\t\t\t\t<\/div>\n\t\t\t\t<\/div>\n\t\t\t\t<div class=\"elementor-element elementor-element-39d9fdb elementor-mobile-align-center elementor-widget elementor-widget-button\" data-id=\"39d9fdb\" data-element_type=\"widget\" data-widget_type=\"button.default\">\n\t\t\t\t<div class=\"elementor-widget-container\">\n\t\t\t\t\t<div class=\"elementor-button-wrapper\">\n\t\t\t<a class=\"elementor-button elementor-button-link elementor-size-sm\" href=\"https:\/\/semadi.com.br\/ctm\/inscricao-curso-intensivo\/\">\n\t\t\t\t\t\t<span class=\"elementor-button-content-wrapper\">\n\t\t\t\t\t\t\t\t\t<span class=\"elementor-button-text\">FA\u00c7A A SUA INSCRI\u00c7\u00c3O<\/span>\n\t\t\t\t\t<\/span>\n\t\t\t\t\t<\/a>\n\t\t<\/div>\n\t\t\t\t<\/div>\n\t\t\t\t<\/div>\n\t\t\t\t<\/div>\n\t\t\t\t\t<\/div>\n\t\t\t\t<\/div>\n\t\t<div class=\"elementor-element elementor-element-a43b8ec e-flex e-con-boxed e-con e-parent\" data-id=\"a43b8ec\" data-element_type=\"container\">\n\t\t\t\t\t<div class=\"e-con-inner\">\n\t\t\t\t\t<\/div>\n\t\t\t\t<\/div>\n\t\t\t\t<\/div>\n\t\t","protected":false},"excerpt":{"rendered":"<p>M\u00d3DULOS Cursos de preparo missiol\u00f3gico Est\u00e3o abertas as inscri\u00e7\u00f5es para a turma do pr\u00f3ximo ano. Veja as modalidades: M\u00f3dulo I Curso de preparo Missiol\u00f3gico Prop\u00f3sito:1. Capacitar os alunos na rela\u00e7\u00e3o com povos de outras culturas;2. Despertar o aluno a Realidade Mission\u00e1ria; 3. Transmitir aos alunos a perspectiva das necessidades dos povos n\u00e3o alcan\u00e7ados;4. Despertar os alunos a serem, com a igreja, um mobilizador; P\u00fablico alvo:Pessoas conscientes de sua chamada mission\u00e1ria, que desejam servir a igreja do Senhor, seja local ou em outras culturas. Investimento: Definido com a igreja enviadora PROCESSO SELETIVO:1 &#8211; Pr\u00e9-inscri\u00e7\u00e3o no site 2 &#8211; Triagem (contato) 3\u2026<\/p>\n","protected":false},"author":1,"featured_media":0,"parent":0,"menu_order":0,"comment_status":"closed","ping_status":"closed","template":"","meta":{"_joinchat":[]},"blocksy_meta":{"styles_descriptor":{"styles":{"desktop":"","tablet":"","mobile":""},"google_fonts":[],"version":5}},"_links":{"self":[{"href":"https:\/\/semadi.com.br\/ctm\/wp-json\/wp\/v2\/pages\/2293"}],"collection":[{"href":"https:\/\/semadi.com.br\/ctm\/wp-json\/wp\/v2\/pages"}],"about":[{"href":"https:\/\/semadi.com.br\/ctm\/wp-json\/wp\/v2\/types\/page"}],"author":[{"embeddable":true,"href":"https:\/\/semadi.com.br\/ctm\/wp-json\/wp\/v2\/users\/1"}],"replies":[{"embeddable":true,"href":"https:\/\/semadi.com.br\/ctm\/wp-json\/wp\/v2\/comments?post=2293"}],"version-history":[{"count":10,"href":"https:\/\/semadi.com.br\/ctm\/wp-json\/wp\/v2\/pages\/2293\/revisions"}],"predecessor-version":[{"id":2309,"href":"https:\/\/semadi.com.br\/ctm\/wp-json\/wp\/v2\/pages\/2293\/revisions\/2309"}],"wp:attachment":[{"href":"https:\/\/semadi.com.br\/ctm\/wp-json\/wp\/v2\/media?parent=2293"}],"curies":[{"name":"wp","href":"https:\/\/api.w.org\/{rel}","templated":true}]}}