{"id":727,"date":"2022-05-11T17:40:27","date_gmt":"2022-05-11T20:40:27","guid":{"rendered":"https:\/\/semadi.com.br\/ead\/?page_id=727"},"modified":"2022-05-12T18:06:27","modified_gmt":"2022-05-12T21:06:27","slug":"suporte","status":"publish","type":"page","link":"https:\/\/semadi.com.br\/ead\/suporte\/","title":{"rendered":"Suporte"},"content":{"rendered":"\t\t<div data-elementor-type=\"wp-page\" data-elementor-id=\"727\" class=\"elementor elementor-727\">\n\t\t\t\t\t\t\t\t\t<section class=\"elementor-section elementor-top-section elementor-element elementor-element-4f3dad9 elementor-section-boxed elementor-section-height-default elementor-section-height-default\" data-id=\"4f3dad9\" data-element_type=\"section\">\n\t\t\t\t\t\t<div class=\"elementor-container elementor-column-gap-default\">\n\t\t\t\t\t<div class=\"elementor-column elementor-col-100 elementor-top-column elementor-element elementor-element-71bf27f\" data-id=\"71bf27f\" data-element_type=\"column\">\n\t\t\t<div class=\"elementor-widget-wrap elementor-element-populated\">\n\t\t\t\t\t\t\t\t<div class=\"elementor-element elementor-element-2dbfdb3 elementor-widget elementor-widget-video\" data-id=\"2dbfdb3\" data-element_type=\"widget\" data-settings=\"{&quot;youtube_url&quot;:&quot;https:\\\/\\\/youtu.be\\\/Q-TjjYLcE1A&quot;,&quot;video_type&quot;:&quot;youtube&quot;,&quot;controls&quot;:&quot;yes&quot;}\" data-widget_type=\"video.default\">\n\t\t\t\t<div class=\"elementor-widget-container\">\n\t\t\t<style>\/*! elementor - v3.13.1 - 09-05-2023 *\/\n.elementor-widget-video .elementor-widget-container{overflow:hidden;transform:translateZ(0)}.elementor-widget-video .elementor-wrapper{aspect-ratio:var(--video-aspect-ratio)}.elementor-widget-video .elementor-wrapper iframe,.elementor-widget-video .elementor-wrapper video{height:100%;width:100%;display:flex;border:none;background-color:#000}@supports not (aspect-ratio:1\/1){.elementor-widget-video .elementor-wrapper{position:relative;overflow:hidden;height:0;padding-bottom:calc(100% \/ var(--video-aspect-ratio))}.elementor-widget-video .elementor-wrapper iframe,.elementor-widget-video .elementor-wrapper video{position:absolute;top:0;right:0;bottom:0;left:0}}.elementor-widget-video .elementor-open-inline .elementor-custom-embed-image-overlay{position:absolute;top:0;left:0;width:100%;height:100%;background-size:cover;background-position:50%}.elementor-widget-video .elementor-custom-embed-image-overlay{cursor:pointer;text-align:center}.elementor-widget-video .elementor-custom-embed-image-overlay:hover .elementor-custom-embed-play i{opacity:1}.elementor-widget-video .elementor-custom-embed-image-overlay img{display:block;width:100%}.elementor-widget-video .e-hosted-video .elementor-video{-o-object-fit:cover;object-fit:cover}.e-con-inner>.elementor-widget-video,.e-con>.elementor-widget-video{width:var(--container-widget-width);--flex-grow:var(--container-widget-flex-grow)}<\/style>\t\t<div class=\"elementor-wrapper elementor-open-inline\">\n\t\t\t<div class=\"elementor-video\"><\/div>\t\t<\/div>\n\t\t\t\t<\/div>\n\t\t\t\t<\/div>\n\t\t\t\t\t<\/div>\n\t\t<\/div>\n\t\t\t\t\t\t\t<\/div>\n\t\t<\/section>\n\t\t\t\t<section class=\"elementor-section elementor-top-section elementor-element elementor-element-79ef319 elementor-section-boxed elementor-section-height-default elementor-section-height-default\" data-id=\"79ef319\" data-element_type=\"section\">\n\t\t\t\t\t\t<div class=\"elementor-container elementor-column-gap-default\">\n\t\t\t\t\t<div class=\"elementor-column elementor-col-100 elementor-top-column elementor-element elementor-element-e0943f3\" data-id=\"e0943f3\" data-element_type=\"column\">\n\t\t\t<div class=\"elementor-widget-wrap elementor-element-populated\">\n\t\t\t\t\t\t\t\t<div class=\"elementor-element elementor-element-f645c79 elementor-widget elementor-widget-text-editor\" data-id=\"f645c79\" data-element_type=\"widget\" data-widget_type=\"text-editor.default\">\n\t\t\t\t<div class=\"elementor-widget-container\">\n\t\t\t<style>\/*! elementor - v3.13.1 - 09-05-2023 *\/\n.elementor-widget-text-editor.elementor-drop-cap-view-stacked .elementor-drop-cap{background-color:#69727d;color:#fff}.elementor-widget-text-editor.elementor-drop-cap-view-framed .elementor-drop-cap{color:#69727d;border:3px solid;background-color:transparent}.elementor-widget-text-editor:not(.elementor-drop-cap-view-default) .elementor-drop-cap{margin-top:8px}.elementor-widget-text-editor:not(.elementor-drop-cap-view-default) .elementor-drop-cap-letter{width:1em;height:1em}.elementor-widget-text-editor .elementor-drop-cap{float:left;text-align:center;line-height:1;font-size:50px}.elementor-widget-text-editor .elementor-drop-cap-letter{display:inline-block}<\/style>\t\t\t\t<p><strong>1. Quem pode estudar no EAD SEMADI?<\/strong><br \/>R: Todos que quiserem podem estudar no EAD SEMADI, inclusive a plataforma \u00e9 interdenominacional.<\/p><p><strong>2. Como fa\u00e7o para acessar os cursos?<\/strong><br \/>R: Primeiro voc\u00ea precisa realizar o seu cadastro na nossa plataforma EAD (Clicando em &#8220;matricular-se no curso&#8221; ou no menu &#8220;login&#8221; voc\u00ea poder\u00e1 criar uma conta atrav\u00e9s do link &#8220;registrar-se&#8221;, logo ap\u00f3s, pode ter acesso aos nossos cursos gratuitos, quanto aos nossos cursos pagos \u00e9 preciso realizar o pagamento para liberar acesso.<\/p><p><strong>3. Todos os cursos do EAD SEMADI s\u00e3o pagos?<\/strong><br \/>R: N\u00e3o. Alguns cursos de pequena dura\u00e7\u00e3o s\u00e3o oferecidos de forma gratuita.<\/p><p><strong>4. Posso pagar depois que concluir o curso?<\/strong><br \/>R: N\u00e3o. Para ter acesso ao conte\u00fado do curso \u00e9 necess\u00e1rio realizar o pagamento primeiro e o pedido ser aprovado pela nossa equipe.<\/p><p><strong>5. Todos os cursos do EAD SEMADI oferecem certificado?<\/strong><br \/>R: Sim. Todos os cursos do EAD SEMADI oferecem certificados.<\/p><p><\/p><p><strong>6. Como fa\u00e7o para baixar o meu certificado?<\/strong><br \/>R: Ao final de cada aula ter\u00e1 um tutorial ensinando como baixar o seu certificado.<\/p><p><strong>7. Como \u00e9 a forma de pagamento dos cursos?<\/strong><br \/>R: Ap\u00f3s clicar em &#8220;Matricular-se no Curso&#8221;, sendo um curso na modalidade pago, voc\u00ea ser\u00e1 redirecionado para a p\u00e1gina de checkout, onde preencher\u00e1 seus dados e logo ser\u00e1 direcionado para o pagamento no PagSeguro, l\u00e1 voc\u00ea pode pagar via boleto, pix ou cart\u00e3o de cr\u00e9dito.<\/p><p><strong>8. Quanto tempo leva ap\u00f3s o pagamento para a aprova\u00e7\u00e3o?<\/strong><br \/>R: Se voc\u00ea fez sua inscri\u00e7\u00e3o e pagamento dentro de nosso hor\u00e1rio de funcionamento (de ter\u00e7a a sexta-feira as 08:00 as 17:00 hs) seu pagamento ser\u00e1 aprovado dentro de 30 minutos. Mas se fez fora do hor\u00e1rio o pedido ser\u00e1 aprovado no pr\u00f3ximo dia \u00fatil de funcionamento do suporte.<\/p><p><strong>9. Posso utilizar a plataforma atrav\u00e9s do celular?<\/strong><br \/>R: Sim. Por\u00e9m ser\u00e1 mais confort\u00e1vel utilizar nossa plataforma atrav\u00e9s do computador pois ter\u00e1 mais recursos.<\/p><p><strong>10 &#8211; Posso reproduzir, copiar ou vender os cursos e materiais do EAD da SEMADI?<\/strong><br \/>R: N\u00e3o, \u00e9 proibida qualquer reprodu\u00e7\u00e3o, copia ou venda.<\/p>\t\t\t\t\t\t<\/div>\n\t\t\t\t<\/div>\n\t\t\t\t\t<\/div>\n\t\t<\/div>\n\t\t\t\t\t\t\t<\/div>\n\t\t<\/section>\n\t\t\t\t<section class=\"elementor-section elementor-top-section elementor-element elementor-element-044cb3b elementor-section-boxed elementor-section-height-default elementor-section-height-default\" data-id=\"044cb3b\" data-element_type=\"section\">\n\t\t\t\t\t\t<div class=\"elementor-container elementor-column-gap-no\">\n\t\t\t\t\t<div class=\"elementor-column elementor-col-100 elementor-top-column elementor-element elementor-element-029d941\" data-id=\"029d941\" data-element_type=\"column\">\n\t\t\t<div class=\"elementor-widget-wrap elementor-element-populated\">\n\t\t\t\t\t\t\t\t<div class=\"elementor-element elementor-element-bb4b44d elementor-widget elementor-widget-spacer\" data-id=\"bb4b44d\" data-element_type=\"widget\" data-widget_type=\"spacer.default\">\n\t\t\t\t<div class=\"elementor-widget-container\">\n\t\t\t<style>\/*! elementor - v3.13.1 - 09-05-2023 *\/\n.elementor-column .elementor-spacer-inner{height:var(--spacer-size)}.e-con{--container-widget-width:100%}.e-con-inner>.elementor-widget-spacer,.e-con>.elementor-widget-spacer{width:var(--container-widget-width,var(--spacer-size));--align-self:var(--container-widget-align-self,initial);--flex-shrink:0}.e-con-inner>.elementor-widget-spacer>.elementor-widget-container,.e-con-inner>.elementor-widget-spacer>.elementor-widget-container>.elementor-spacer,.e-con>.elementor-widget-spacer>.elementor-widget-container,.e-con>.elementor-widget-spacer>.elementor-widget-container>.elementor-spacer{height:100%}.e-con-inner>.elementor-widget-spacer>.elementor-widget-container>.elementor-spacer>.elementor-spacer-inner,.e-con>.elementor-widget-spacer>.elementor-widget-container>.elementor-spacer>.elementor-spacer-inner{height:var(--container-widget-height,var(--spacer-size))}<\/style>\t\t<div class=\"elementor-spacer\">\n\t\t\t<div class=\"elementor-spacer-inner\"><\/div>\n\t\t<\/div>\n\t\t\t\t<\/div>\n\t\t\t\t<\/div>\n\t\t\t\t<div class=\"elementor-element elementor-element-4bd03c0 elementor-button-warning elementor-invisible elementor-widget elementor-widget-button\" data-id=\"4bd03c0\" data-element_type=\"widget\" data-settings=\"{&quot;_animation&quot;:&quot;fadeIn&quot;}\" data-widget_type=\"button.default\">\n\t\t\t\t<div class=\"elementor-widget-container\">\n\t\t\t\t\t<div class=\"elementor-button-wrapper\">\n\t\t\t<a href=\"https:\/\/api.whatsapp.com\/send?phone=5511997502448&#038;text=Ol%C3%A1%2C%20tenho%20uma%20d%C3%BAvida%20sobre%20o%20EAD%20da%20SEMADI\" class=\"elementor-button-link elementor-button elementor-size-md elementor-animation-buzz-out\" role=\"button\">\n\t\t\t\t\t\t<span class=\"elementor-button-content-wrapper\">\n\t\t\t\t\t\t\t<span class=\"elementor-button-icon elementor-align-icon-left\">\n\t\t\t\t<i aria-hidden=\"true\" class=\"fab fa-whatsapp\"><\/i>\t\t\t<\/span>\n\t\t\t\t\t\t<span class=\"elementor-button-text\">CLIQUE AQUI PARA FALAR CONOSCO PELO WHATSAPP<\/span>\n\t\t<\/span>\n\t\t\t\t\t<\/a>\n\t\t<\/div>\n\t\t\t\t<\/div>\n\t\t\t\t<\/div>\n\t\t\t\t\t<\/div>\n\t\t<\/div>\n\t\t\t\t\t\t\t<\/div>\n\t\t<\/section>\n\t\t\t\t<section class=\"elementor-section elementor-top-section elementor-element elementor-element-101ab19 elementor-section-boxed elementor-section-height-default elementor-section-height-default\" data-id=\"101ab19\" data-element_type=\"section\">\n\t\t\t\t\t\t<div class=\"elementor-container elementor-column-gap-default\">\n\t\t\t\t\t<div class=\"elementor-column elementor-col-100 elementor-top-column elementor-element elementor-element-f5451cf\" data-id=\"f5451cf\" data-element_type=\"column\">\n\t\t\t<div class=\"elementor-widget-wrap elementor-element-populated\">\n\t\t\t\t\t\t\t\t<div class=\"elementor-element elementor-element-3d82e96 elementor-widget elementor-widget-spacer\" data-id=\"3d82e96\" data-element_type=\"widget\" data-widget_type=\"spacer.default\">\n\t\t\t\t<div class=\"elementor-widget-container\">\n\t\t\t\t\t<div class=\"elementor-spacer\">\n\t\t\t<div class=\"elementor-spacer-inner\"><\/div>\n\t\t<\/div>\n\t\t\t\t<\/div>\n\t\t\t\t<\/div>\n\t\t\t\t\t<\/div>\n\t\t<\/div>\n\t\t\t\t\t\t\t<\/div>\n\t\t<\/section>\n\t\t\t\t<section class=\"elementor-section elementor-top-section elementor-element elementor-element-c4c6300 elementor-section-boxed elementor-section-height-default elementor-section-height-default\" data-id=\"c4c6300\" data-element_type=\"section\">\n\t\t\t\t\t\t<div class=\"elementor-container elementor-column-gap-default\">\n\t\t\t\t\t<div class=\"elementor-column elementor-col-100 elementor-top-column elementor-element elementor-element-a647abe\" data-id=\"a647abe\" data-element_type=\"column\">\n\t\t\t<div class=\"elementor-widget-wrap elementor-element-populated\">\n\t\t\t\t\t\t\t\t<div class=\"elementor-element elementor-element-9eae839 elementor-widget elementor-widget-heading\" data-id=\"9eae839\" data-element_type=\"widget\" data-widget_type=\"heading.default\">\n\t\t\t\t<div class=\"elementor-widget-container\">\n\t\t\t<style>\/*! elementor - v3.13.1 - 09-05-2023 *\/\n.elementor-heading-title{padding:0;margin:0;line-height:1}.elementor-widget-heading .elementor-heading-title[class*=elementor-size-]>a{color:inherit;font-size:inherit;line-height:inherit}.elementor-widget-heading .elementor-heading-title.elementor-size-small{font-size:15px}.elementor-widget-heading .elementor-heading-title.elementor-size-medium{font-size:19px}.elementor-widget-heading .elementor-heading-title.elementor-size-large{font-size:29px}.elementor-widget-heading .elementor-heading-title.elementor-size-xl{font-size:39px}.elementor-widget-heading .elementor-heading-title.elementor-size-xxl{font-size:59px}<\/style><h2 class=\"elementor-heading-title elementor-size-default\">OU ENVIE A SUA D\u00daVIDA\/SUGEST\u00c3O PARA NOSSO E-MAIL<\/h2>\t\t<\/div>\n\t\t\t\t<\/div>\n\t\t\t\t\t<\/div>\n\t\t<\/div>\n\t\t\t\t\t\t\t<\/div>\n\t\t<\/section>\n\t\t\t\t<section class=\"elementor-section elementor-top-section elementor-element elementor-element-47401bd elementor-section-boxed elementor-section-height-default elementor-section-height-default\" data-id=\"47401bd\" data-element_type=\"section\">\n\t\t\t\t\t\t<div class=\"elementor-container elementor-column-gap-default\">\n\t\t\t\t\t<div class=\"elementor-column elementor-col-100 elementor-top-column elementor-element elementor-element-0cbb9f6\" data-id=\"0cbb9f6\" data-element_type=\"column\">\n\t\t\t<div class=\"elementor-widget-wrap elementor-element-populated\">\n\t\t\t\t\t\t\t\t<div class=\"elementor-element elementor-element-96352d0 elementor-widget elementor-widget-wpforms\" data-id=\"96352d0\" data-element_type=\"widget\" data-widget_type=\"wpforms.default\">\n\t\t\t\t<div class=\"elementor-widget-container\">\n\t\t\t<div class=\"wpforms-container wpforms-container-full\" id=\"wpforms-738\"><form id=\"wpforms-form-738\" class=\"wpforms-validate wpforms-form wpforms-ajax-form\" data-formid=\"738\" method=\"post\" enctype=\"multipart\/form-data\" action=\"\/ead\/wp-json\/wp\/v2\/pages\/727\" data-token=\"d19b3139161135233f8e273d2102dcc9\"><noscript class=\"wpforms-error-noscript\">Ative o JavaScript no seu navegador para preencher este formul\u00e1rio.<\/noscript><div class=\"wpforms-field-container\"><div id=\"wpforms-738-field_0-container\" class=\"wpforms-field wpforms-field-name\" data-field-id=\"0\"><label class=\"wpforms-field-label\" for=\"wpforms-738-field_0\">Nome <span class=\"wpforms-required-label\">*<\/span><\/label><div class=\"wpforms-field-row wpforms-field-medium\"><div class=\"wpforms-field-row-block wpforms-first wpforms-one-half\"><input type=\"text\" id=\"wpforms-738-field_0\" class=\"wpforms-field-name-first wpforms-field-required\" name=\"wpforms[fields][0][first]\" required><label for=\"wpforms-738-field_0\" class=\"wpforms-field-sublabel after \">Nome<\/label><\/div><div class=\"wpforms-field-row-block wpforms-one-half\"><input type=\"text\" id=\"wpforms-738-field_0-last\" class=\"wpforms-field-name-last wpforms-field-required\" name=\"wpforms[fields][0][last]\" required><label for=\"wpforms-738-field_0-last\" class=\"wpforms-field-sublabel after \">Sobrenome<\/label><\/div><\/div><\/div><div id=\"wpforms-738-field_1-container\" class=\"wpforms-field wpforms-field-email\" data-field-id=\"1\"><label class=\"wpforms-field-label\" for=\"wpforms-738-field_1\">Email <span class=\"wpforms-required-label\">*<\/span><\/label><input type=\"email\" id=\"wpforms-738-field_1\" class=\"wpforms-field-medium wpforms-field-required\" name=\"wpforms[fields][1]\" required><\/div><div id=\"wpforms-738-field_2-container\" class=\"wpforms-field wpforms-field-textarea\" data-field-id=\"2\"><label class=\"wpforms-field-label\" for=\"wpforms-738-field_2\">Escreva sua mensagem <span class=\"wpforms-required-label\">*<\/span><\/label><textarea id=\"wpforms-738-field_2\" class=\"wpforms-field-medium wpforms-field-required\" name=\"wpforms[fields][2]\" required><\/textarea><\/div><\/div><div class=\"wpforms-submit-container\"><input type=\"hidden\" name=\"wpforms[id]\" value=\"738\"><input type=\"hidden\" name=\"wpforms[author]\" value=\"1\"><button type=\"submit\" name=\"wpforms[submit]\" id=\"wpforms-submit-738\" class=\"wpforms-submit\" data-alt-text=\"Enviando..\" data-submit-text=\"enviar\" aria-live=\"assertive\" value=\"wpforms-submit\">enviar<\/button><img loading=\"lazy\" decoding=\"async\" src=\"https:\/\/semadi.com.br\/ead\/wp-content\/plugins\/wpforms-lite\/assets\/images\/submit-spin.svg\" class=\"wpforms-submit-spinner\" style=\"display: none;\" width=\"26\" height=\"26\" alt=\"\"><\/div><\/form><\/div>  <!-- .wpforms-container -->\t\t<\/div>\n\t\t\t\t<\/div>\n\t\t\t\t\t<\/div>\n\t\t<\/div>\n\t\t\t\t\t\t\t<\/div>\n\t\t<\/section>\n\t\t\t\t\t\t\t<\/div>\n\t\t","protected":false},"excerpt":{"rendered":"<p>https:\/\/youtu.be\/Q-TjjYLcE1A 1. Quem pode estudar no EAD SEMADI?R: Todos que quiserem podem estudar no EAD SEMADI, inclusive a plataforma \u00e9 interdenominacional. 2. Como fa\u00e7o para acessar os cursos?R: Primeiro voc\u00ea precisa realizar o seu cadastro na nossa plataforma EAD (Clicando em &#8220;matricular-se no curso&#8221; ou no menu &#8220;login&#8221; voc\u00ea poder\u00e1 criar uma conta atrav\u00e9s do [&hellip;]<\/p>\n","protected":false},"author":1,"featured_media":0,"parent":0,"menu_order":0,"comment_status":"closed","ping_status":"closed","template":"","meta":{"pmpro_default_level":0,"footnotes":""},"class_list":["post-727","page","type-page","status-publish","hentry","pmpro-has-access"],"_links":{"self":[{"href":"https:\/\/semadi.com.br\/ead\/wp-json\/wp\/v2\/pages\/727","targetHints":{"allow":["GET"]}}],"collection":[{"href":"https:\/\/semadi.com.br\/ead\/wp-json\/wp\/v2\/pages"}],"about":[{"href":"https:\/\/semadi.com.br\/ead\/wp-json\/wp\/v2\/types\/page"}],"author":[{"embeddable":true,"href":"https:\/\/semadi.com.br\/ead\/wp-json\/wp\/v2\/users\/1"}],"replies":[{"embeddable":true,"href":"https:\/\/semadi.com.br\/ead\/wp-json\/wp\/v2\/comments?post=727"}],"version-history":[{"count":25,"href":"https:\/\/semadi.com.br\/ead\/wp-json\/wp\/v2\/pages\/727\/revisions"}],"predecessor-version":[{"id":932,"href":"https:\/\/semadi.com.br\/ead\/wp-json\/wp\/v2\/pages\/727\/revisions\/932"}],"wp:attachment":[{"href":"https:\/\/semadi.com.br\/ead\/wp-json\/wp\/v2\/media?parent=727"}],"curies":[{"name":"wp","href":"https:\/\/api.w.org\/{rel}","templated":true}]}}